1 = -d + 2, d - 128 = -5*p. What are the prime factors of p?
5
Let c = 6 - 4. Suppose 5*r - c = 63. What are the prime factors of r?
13
Suppose -5*l = 3*u - 531, -138 = -3*l - 4*u + 185. List the prime factors of l.
3, 5, 7
Let v(j) = 25*j**2 - 4*j - 1. What are the prime factors of v(-3)?
2, 59
Suppose -5*o = 25, -3*o - 1019 = -0*a - 4*a. List the prime factors of a.
251
Let y = 1 + -1. Let o(g) = y*g - 2*g - 2 - 2 - 2. List the prime factors of o(-5).
2
Suppose 3*f - 10 = -4*b + 92, -2*b = 5*f - 58. What are the prime factors of b?
2, 3
Suppose 2*n = 4*n + 2. Let b(y) = -38*y**3 - y**2. List the prime factors of b(n).
37
Let d = 296 - 0. What are the prime factors of d?
2, 37
Let k = -18 + 17. Let v(i) = -30*i**3 + i**2 + 2*i + 1. What are the prime factors of v(k)?
2, 3, 5
Let w = 2 + -8. Let i be ((-33)/(-6))/(1/w). Let o = -21 - i. What are the prime factors of o?
2, 3
Let j = -104 - -115. What are the prime factors of j?
11
Let y = 14 - 9. What are the prime factors of y/4*(-8 - -16)?
2, 5
Let g = -7 + 4. Let w(d) be the third derivative of -d**6/120 - d**5/20 - d**4/12 + d**3/6 - 4*d**2. List the prime factors of w(g).
7
Let b(h) be the first derivative of h**4/4 - h**3/3 - 3*h**2 + 2*h + 4. What are the prime factors of b(4)?
2, 13
Let x(f) = -f - 2. Let y be x(-4). Suppose y*s + 1 = 35. List the prime factors of s.
17
Let l(a) = a**2 + 4*a + 2. Let n be l(-4). Suppose -8*o - 3*z = -3*o - 101, z - 40 = -n*o. What are the prime factors of o?
19
Let v(h) = -10*h**2 + 33*h - 6. Let k(b) = 3*b**2 - 11*b + 2. Let z(a) = -7*k(a) - 2*v(a). What are the prime factors of z(7)?
2, 13
Suppose 5*n - 15 = 0, -o + 3*o - 40 = 4*n. Let m = 3 + o. What are the prime factors of m?
29
Let s = -17 + 10. Let m be (-8 - s) + 0 + -1. Let j = 3 - m. What are the prime factors of j?
5
Let v(d) = -7 - d**2 - 10*d + 5 + 2. What are the prime factors of v(-7)?
3, 7
Suppose m - 22 = 20. What are the prime factors of m?
2, 3, 7
Suppose -11*w = -9*w - 78. List the prime factors of w.
3, 13
Let x(g) = -g**3 + g - 3. Let a be x(0). Let v(d) = -d**3 - 2*d**2 - 2*d - 3. What are the prime factors of v(a)?
2, 3
Suppose -s = 2*f - 123 - 201, 2*f - 3*s = 316. What are the prime factors of f?
7, 23
Suppose -3 = 3*m + 6*x - 2*x, 4*m + 3*x - 3 = 0. Suppose 16 = m*w + w. Suppose -4*t - w = -56. List the prime factors of t.
13
Let y(u) = -u**3 - u**2 - 2. Let b be y(-2). Suppose 5*s - 18 = -j - b, 0 = 4*j - 5*s - 164. What are the prime factors of j?
2, 3
Let s = -11 + 29. What are the prime factors of s?
2, 3
Let s be 3*1/(-3)*-29. Let p(i) = -i**3 - 3*i**2 + 2*i + 1. Let m be p(-4). Suppose -2*d = m - s. What are the prime factors of d?
2, 5
Suppose -4*k = -l - 0*l + 4, 3*l - 3*k = 3. Suppose l = -4*q - q + 5. List the prime factors of q/(2/26)*1.
13
Let q = 41 + 114. What are the prime factors of q?
5, 31
Let o = 4 + -9. Let g(k) = 0 + k**2 + 0 - 4 + 2*k. What are the prime factors of g(o)?
11
Let r = -33 - -22. Let i = 16 + r. What are the prime factors of i?
5
Let b = 638 - 454. List the prime factors of b.
2, 23
Let f = 64 - 26. What are the prime factors of f?
2, 19
Suppose v + 4*w + 446 = -2*v, -2*w = -2. Let f be ((-6)/(-5))/((-9)/v). Suppose 9*m - f = 4*m. What are the prime factors of m?
2
Let y(k) = 10*k + k**3 - k**2 + 7*k**2 - 9 - 2*k**3 + 0*k**3. What are the prime factors of y(7)?
2, 3
Suppose 2*d - 14 = 22. List the prime factors of d.
2, 3
Let t(h) be the third derivative of -h**4/12 - 2*h**3/3 + h**2. Let w(o) = -o**2 + 8*o - 13. Let u be w(7). List the prime factors of t(u).
2
Suppose w + 4 = 3*w. Suppose -5*c + 5*q = -71 - 4, 4*c + w*q = 60. List the prime factors of c.
3, 5
Suppose -3*d = -5*r + 24, 3*r = 3*d + 5 + 13. Let p = 9 + d. Let q = p + -1. List the prime factors of q.
5
Suppose 0 + 12 = -n. List the prime factors of 4/n + (-37)/(-3).
2, 3
Let q(o) = 2*o**3 - 2*o**2 - o. Let v be (-1)/(12/(-8) - -1). List the prime factors of q(v).
2, 3
Let w(b) = -b**2 + 5*b + 7. Let g be w(6). Suppose -3*t - 5 = 1. Let j = g - t. List the prime factors of j.
3
Let t = -5 + 2. Let h = t - -22. What are the prime factors of h?
19
Let x(y) be the third derivative of 0*y + 7/6*y**3 + 3*y**2 + 1/4*y**4 + 0 + 1/60*y**5. What are the prime factors of x(-5)?
2
Suppose -3*k + 3 = -2*k. Suppose 0 = -8*i + k*i + 45. List the prime factors of i.
3
Let b(s) = -s**3 + 4*s**2 - 3*s + 3. Let u = 3 - 0. Suppose u = 6*n - 5*n. List the prime factors of b(n).
3
Suppose -180 = 4*g - 8*g. What are the prime factors of g?
3, 5
Let z(f) = 41*f**2 - f - 3. List the prime factors of z(2).
3, 53
Let z(w) = -w**2 + 9*w - 6. Suppose 2*x = -l + 4, -10 = l - 3*l - 3*x. Let t be z(l). Suppose -p = -t*d - 2, -3*p + 2*d + d = -18. List the prime factors of p.
2, 5
Suppose 5*f - 795 = -0*f. List the prime factors of f.
3, 53
Let j(z) = z**2 - 6*z + 6. List the prime factors of j(9).
3, 11
Let o be -2 + (6 - -1 - 2). Suppose 4*c + o*n - 64 = 7*n, -31 = -2*c + 3*n. List the prime factors of c.
17
Let m = -1 - -5. Suppose 5*u + 10 = 0, -m*c - 3*u + 7*u = -20. List the prime factors of c.
3
List the prime factors of (-15)/20 + (-342)/(-8).
2, 3, 7
Let j be (-668)/2*39/26. Let d be 314/(-8) + (-2)/(-8). List the prime factors of 4/26 + j/d.
13
Let c be ((-2)/(-3))/((-4)/(-6)). List the prime factors of c/(12/(-13) + 1).
13
List the prime factors of -8*(0 - -2 - 10).
2
Let y be (-22)/(-4)*2 - 2. What are the prime factors of ((-12)/(-9))/(2/y)?
2, 3
Let y = 14 - 45. Let i = -10 - y. List the prime factors of i.
3, 7
Let a(b) = -b - 10. Let p be a(-8). What are the prime factors of 2 + 2 + p - -36?
2, 19
Let l(c) = -4*c - 30. Let p(h) = 2*h + 15. Let a(k) = 6*l(k) + 11*p(k). Suppose -6*q - 3*v - 47 = -q, -41 = 4*q - v. List the prime factors of a(q).
5
Let w(n) = 52*n**2 + n. List the prime factors of w(1).
53
Suppose -q - 1 = -2. What are the prime factors of 0 - 1/(q/(-11))?
11
Let f = 0 + 0. Suppose f = -6*h + 3*h + 39. What are the prime factors of h?
13
Let h(m) = 0*m + 0 + 2*m + 0*m + 2*m**2 + 4. What are the prime factors of h(-4)?
2, 7
Suppose -5*r = -5*s - 75, 0 = s + 3*s - 3*r + 65. Let l = 11 + s. What are the prime factors of (l - -2)/(3 + -4)?
7
What are the prime factors of (9 - 6)/(3/188)?
2, 47
Let w(d) = d**3 - d + 4. Let y be w(0). Let l(o) = 3*o - 5. List the prime factors of l(y).
7
Suppose -8*m = 289 - 873. What are the prime factors of m?
73
Let s = 13 + -2. Let h = -17 + 19. Suppose h*y = y + s. What are the prime factors of y?
11
Let c = 8 - 28. Let h be (-555)/c + (-1)/(-4). Suppose -3*f = -f - h. What are the prime factors of f?
2, 7
Let z(c) = -4*c - 6. Let n(h) = -8*h - 13. Let q(x) = 2*n(x) - 5*z(x). Let j be q(3). Let s = -5 + j. List the prime factors of s.
11
Let o be 10*((-28)/(-8))/7. Suppose -4*r = -j - 172, 34 = 3*r - o*j - 78. List the prime factors of r.
2, 11
Let h be (-3)/(-7 - -1)*10. Suppose -m - h*z + 26 + 0 = 0, 5*z - 38 = -3*m. List the prime factors of m.
2, 3
Let m(f) = -8*f + 2. What are the prime factors of m(-2)?
2, 3
Suppose -9 = 2*t + t. What are the prime factors of (-1)/t + (-188)/(-12)?
2
Let o = -4 + 3. What are the prime factors of o/2*-1*30?
3, 5
Let r = -65 + 29. Let g = 55 + r. What are the prime factors of g?
19
Suppose 0*i = -4*i + 444. Suppose 4*s = s + i. What are the prime factors of s?
37
Let l(g) = g**3 - 7*g**2 + 4*g + 7. Let p be l(6). Let u = 1 - p. List the prime factors of u.
2, 3
Suppose -3*s = -6*s + 6. Suppose s*n = 7*n - 60. What are the prime factors of n?
2, 3
Let a be (-3 - -1)*(-3)/2. Let q(b) = 2*b - 2*b**2 - 10 + b + 13 - b**a. What are the prime factors of q(-3)?
3
Suppose 5*u = 3*s - 6*s + 470, 0 = -u + 1. What are the prime factors of s?
5, 31
Let c(r) = 5*r - 25*r - 21*r - 1. Let y be c(-1). Suppose -3*n - 34 = -5*h, 0*h + 5*n + y = 5*h. List the prime factors of h.
5
Let x(y) = -y. Let o(m) = -m**2 - 2*m + 2. Let c(k) = o(k) + 3*x(k). Suppose 0*p - p - 4 = 0. What are the prime factors of c(p)?
2, 3
Suppose 320 + 136 = 3*q. Suppose -4*v = -i - q, -3*v + 5*v = -i + 82. What are the prime factors of v?
3, 13
Suppose -4*g = -2*c + 282, 2*c - 5*c = 5*g - 478. List the prime factors of c.
151
Let l(x) = x**2 - 15*x + 3. Let r be l(15). Suppose -20 = -5*o, 3*f - 217 = -2*f - r*o. List the prime factors of f.
41
Let p 